on factor of 77 and f.
11
Suppose z = -5*h + 53, -h - 66*z + 62*z = -22. What is the greatest common factor of h and 135?
5
Let i(x) = -559 + 5*x + 947 - 533. Let h be i(33). Calculate the greatest common divisor of 40 and h.
20
Let n(j) = -j**2 + 4*j - 3. Let d be n(2). Suppose -4*v = -39 - d. Suppose 50 - v = 2*m. What is the greatest common factor of 8 and m?
4
Suppose 384*x = 352*x + 2112. What is the highest common divisor of x and 10?
2
Let n(l) = -141*l - 2. Let i be n(2). Let d be 2/(-6)*(-10149)/(-17). Let k = d - i. Calculate the highest common factor of 17 and k.
17
Suppose -10*k + 7808 = -5125 - 4087. Calculate the greatest common divisor of 46 and k.
46
Let r be ((-8)/(-5))/(1480/85100). What is the highest common factor of r and 713?
23
Let p(n) = 4*n - 4 + 5*n - 13*n + 3*n**2 + 5*n. Let j be p(-3). Let f = -8 + j. Calculate the highest common factor of f and 8.
4
Suppose -4*x = -3*f - 667, -5*x + 2*f = -176 - 649. Suppose -x = -n + 684. Calculate the highest common factor of 77 and n.
77
Suppose -3*s = 2*c + 1082, -2*s = 2*c + 199 + 521. Let u = s - -408. Calculate the greatest common factor of u and 253.
23
Let p = 2208 + -1184. Suppose -3*m - j = 2*m - 1016, 5*m = j + p. Suppose 0 = -5*r - 54 + m. What is the greatest common factor of r and 12?
6
Suppose 10*w - 7*w - 1017 = 0. Let x = -314 + w. What is the greatest common divisor of 275 and x?
25
Suppose -85*x + 40*x = -4799 - 10321. What is the highest common divisor of 60 and x?
12
Let f be ((-6)/(-8))/(2/32*4). Let j be (-10137)/(-372) - f/(-8)*2. What is the greatest common factor of 4 and j?
4
Let j be 8/52 + 24284/338. Calculate the highest common factor of j and 2784.
24
Let g = -390 - -494. Let n(c) = -230*c**3 + 2*c**2 + 2*c + 1. Let k be n(-1). Suppose 107*x - g*x = k. Calculate the highest common factor of 11 and x.
11
Suppose -185*c + 29661 = 9311. What is the highest common factor of c and 320?
10
Suppose 6*v + 80 = v. Let u be 3/12 + (-172)/v. Let a = 413 - 314. Calculate the greatest common divisor of a and u.
11
Let f(n) be the first derivative of -8*n**2 - 96. Let l be f(-4). Calculate the highest common divisor of l and 12.
4
Suppose -24 = -3*h - 0. Let s be 34/102*(-1200)/140*(-14)/4. What is the highest common divisor of h and s?
2
Let z = -337 - -375. Let l = -91 - 125. Let p = l + 368. What is the highest common factor of z and p?
38
Let k = 176 - -217. Suppose -k + 29 = -13*h. Calculate the greatest common divisor of 12 and h.
4
Let o(y) = y**3 + 13*y**2 - 19*y - 211. Let u be o(-12). What is the highest common divisor of 1035 and u?
23
Let a be 210 + 1 + (35/(-35))/((-2)/(-2)). What is the highest common divisor of a and 280?
70
Let b(l) = 24*l + 28. Let s be b(-5). Suppose 1068 = 3*p + p. Let r = p + s. Calculate the greatest common divisor of r and 25.
25
Suppose -2*w = 3*w - 2*x + 1000, -3*w - 600 = 4*x. Let q = -113 - w. Calculate the greatest common factor of q and 203.
29
Let o be 1980/726*10142/3. Calculate the highest common factor of 80 and o.
20
Suppose -n - 44 = -5*p, -4*p + 4*n = -5*p - 8. Suppose 290*s - 17424 = -19*s + 67*s. Calculate the highest common divisor of s and p.
8
Let j(u) = 448*u + 3000. Let v be j(-6). Let a = 1 + 38. Calculate the highest common divisor of v and a.
39
Let h(k) = -2117*k - 1501. Let c be h(-8). Calculate the highest common divisor of c and 90.
45
Let h = -350 + 458. Suppose -8*i = i - h. Calculate the highest common factor of i and 204.
12
Let j = 1298 - 1254. What is the highest common divisor of 1052 and j?
4
Let i = 100 - 92. Suppose 132 = i*g + 3*g. Suppose -g*o + 7*o = -945. What is the greatest common factor of 21 and o?
21
Let g = 70 + -69. Let t be -2 + 0 + 4/g. Suppose -t*c + 5*y + 36 = -c, 4*y = 0. What is the greatest common divisor of 4 and c?
4
Let q(l) be the first derivative of -3*l**2/2 + 12*l + 51. Let y be q(-2). What is the greatest common factor of y and 27?
9
Let y(k) = -k**2 + 26*k + 41. Let m be y(18). Let w = m + 138. What is the highest common factor of 38 and w?
19
Let o be (-6)/(-2) + 2 + -1. Let n = -4970 - -4981. Calculate the highest common factor of o and n.
1
Let d(h) = 38*h**3 - 20*h**2 + 22*h - 48. Let u be d(3). What is the highest common divisor of 1488 and u?
48
Suppose -17 + 103 = 4*l + 5*k, 0 = -2*k - 4. Suppose -21*b + l*b = 1305. Calculate the greatest common factor of b and 15.
15
Suppose -12*h - 6*h - 11*h = -4060. Calculate the highest common divisor of 56 and h.
28
Let t(c) be the third derivative of -c**5/20 + c**4/8 + c**3/6 + 42*c**2. Let u be t(0). Calculate the greatest common divisor of 19 and u.
1
Suppose -421 + 5 = -32*t. Calculate the highest common factor of 5447 and t.
13
Suppose 103*l - 15565 - 8862 = 5237. Let u be 1/(-3) - (-165)/9. Calculate the highest common factor of l and u.
18
Suppose -10*b - 5*k + 170 = -5*b, -132 = -4*b - 2*k. Let w be 632 + 13/((-52)/b). Calculate the highest common factor of 6 and w.
6
Let b = 38135 + -20084. Calculate the highest common factor of b and 33.
33
Suppose -27*i - 195 = -2487 + 267. What is the greatest common divisor of i and 2575?
25
Let y = -12449 - -13233. Calculate the highest common factor of 448 and y.
112
Suppose 25*q - 1707 + 260 = 1303. What is the greatest common divisor of 2640 and q?
110
Let k = -20 + 13. Let m be ((-72)/k)/(20/140). What is the greatest common divisor of m and 18?
18
Suppose 0 = 47*v - 45*v - 8. Let s be (-15)/10*(-32)/6. Let x = s - 7. Calculate the highest common factor of x and v.
1
Suppose 140 = 4*p + 4*w, 2*p + 84 = 5*p - 4*w. Let f = -6 + 39. Suppose p*x + f = 35*x. What is the highest common factor of x and 99?
11
Suppose -5*j = -4*k + 65, 4*j - 5*k = 2*j - 9. Let b(h) = -2*h - 28. Let a be b(j). Let s be 1*15*a*2/9. Calculate the highest common factor of s and 40.
20
Let w = 962 + 7618. What is the greatest common factor of 39 and w?
39
Suppose 0*g + 14*g = 1148. Let b = g - 37. Suppose b = d - 35. Calculate the highest common factor of d and 10.
10
Suppose 15507 = 5*u - 5*j - 8358, -2*u = 4*j - 9516. Calculate the greatest common factor of 64 and u.
32
Suppose 4*m = 178 + 150. Let q = m - 66. What is the greatest common divisor of q and 368?
16
Let m = 99 - 80. Suppose -m*g = -29*g + 510. What is the greatest common divisor of 85 and g?
17
Suppose -3976 = -t + 4*y, -7*t + 10*t + 2*y = 11998. Suppose 5*n - t = -v, -4*v + 600 = n - 184. What is the greatest common factor of n and 32?
32
Suppose 9*q - 626 = -180 + 58. What is the highest common divisor of q and 630?
14
Suppose 0 = 2*o + c + 3, -3*o = -o - 2*c + 18. Let u be o + 1 + 1 + -4. Let p(y) = y**2 + 6*y + 8. Let s be p(u). What is the highest common factor of s and 6?
2
Suppose c = 0, -4*k - c = 2*c - 384. Suppose m + m + 5*b - k = 0, 5*m - 2*b = 269. Suppose -5*n = -m - 37. Calculate the highest common factor of 72 and n.
18
Let v be -12 + 4821*2/6. Calculate the greatest common factor of v and 116.
29
Let m be -4 + 40/12 - (-24)/9. Let s be (-1003728)/(-1320) + (0 - m/5). Calculate the highest common divisor of 40 and s.
40
Let p be (837/(-186))/(2/(-4)). Calculate the greatest common divisor of 13 and p.
1
Let x = -1126 + 6442. Calculate the greatest common factor of x and 60.
12
Let l(s) = -48*s + 1160. Let b be l(-45). What is the greatest common factor of 20 and b?
20
Suppose 8820 = 1667*w - 822*w - 835*w. What is the highest common divisor of w and 3024?
126
Let t(k) = -k**3 + 15*k**2 - 13*k + 2. Let y be t(14). Let w = y + 38. Calculate the highest common factor of w and 27.
27
Let m be (-28)/16 + (103/4 - 540/(-315)*7). Suppose -5*s = -0*s - 45. Calculate the greatest common factor of s and m.
9
Let k(q) = -39*q + 113. Let f be k(-6). Suppose 1044 - f = 17*u. Calculate the greatest common factor of u and 82.
41
Let s(v) = v**3 - 15*v**2 - 50*v + 412. Let d be s(17). Calculate the highest common divisor of 3528 and d.
28
Suppose 4*a = 5*a + 2, -5*r + 2*a + 44 = 0. Let c(t) = -t**2 + 37*t - 190. Let d be c(r). Calculate the greatest common factor of 21 and d.
21
Let s = 134 - 130. Suppose 4*o - 9 = -o - s*j, -o = 3*j - 4. What is the greatest common divisor of o and 5?
1
Let z = 3976 - 3970. What is the greatest common factor of z and 142?
2
Suppose j = -35*j + 564816 + 204540. What is the highest common fac